8 + 0*c**2 - 1/60*c**5 + 0*c. Let k(f) be the third derivative of p(f). Give k(-2).
-10
Let n = 38 - 10. Let y(s) = 10 + 17 + 13 - s - n. Let p be y(6). Let c(h) = h**3 - 6*h**2 + 2*h - 5. What is c(p)?
7
Let d(m) = -1 - 6*m**2 - 5*m + 24*m**3 - 8 - 10*m**3 - 13*m**3 - 13. Calculate d(7).
-8
Let y be -4 - (-204)/10*-15. Let c = y + 292. Let m(h) = h**3 + 18*h**2 + h + 20. Calculate m(c).
2
Let j(z) = -z**2 - 3*z. Let i be ((-3)/9)/((-2)/(-18)). Let x be (i - -1) + 20*(-13)/52. Calculate j(x).
-28
Let u = -159 + 188. Let l(y) = 14 + 16 + y - u - 10*y. Give l(-2).
19
Let r(n) be the third derivative of -n**5/60 - 9*n**4/8 - 175*n**3/6 + 4*n**2 - 174. Determine r(-15).
5
Let f(x) be the first derivative of -x**5/15 + x**4/12 + 5*x**3/3 + x**2 - 61. Let a(j) be the third derivative of f(j). What is a(4)?
-30
Suppose 171 = -25*w - 20*w + 36. Let v(n) = 23*n + 63. Determine v(w).
-6
Suppose 7*t - 1 - 27 = 0. Suppose t*l + 3*i = 8*i + 22, 0 = -2*i - 4. Let d(r) = -6*r - 2 - 8 - 6 + 12 + r**l + 6*r**2. Give d(-7).
-11
Suppose 2*f + 4*n + 16 = 0, 2*f - 12*n + 9*n = 19. Let k(g) = 19 - 992*g**f + 991*g**2 - 3*g**3 + 2*g**3. Calculate k(0).
19
Suppose 4*n + x = -81, -6*n - 42 = -3*n - 3*x. Let w(c) = -2*c**3 - 38*c**2 - 1. Determine w(n).
-1
Let h(u) = -8*u - 247. Let i(r) = -9*r - 362. Let p(g) = -3*h(g) + 2*i(g). Give p(-3).
-1
Let b(s) = s**2 - 2. Suppose 4*v + 3*i - 3 = 0, -28*v + 33*v - 5*i = 30. Let x be (110/(-132))/(v/18). Give b(x).
23
Let h(l) = -6*l - 9*l - 4*l - 1. Let m(a) = -13*a - 1. Let n(j) = 5*h(j) - 7*m(j). What is n(-3)?
14
Suppose -289 = 3*y - 2*j - 270, 30 = -4*y + 5*j. Let b(z) = -z**3 - 3*z**2 + 16*z + 17. Calculate b(y).
-13
Let w(v) = 3*v + 9. Let o(n) = n + 1. Let z(m) = -2*o(m) + w(m). Calculate z(-12).
-5
Let w(z) = 3*z**3 - 55*z**2 + 3*z + 4. Let p(k) = 5*k**3 - 95*k**2 + 5*k + 7. Let r(m) = -4*p(m) + 7*w(m). Determine r(6).
42
Let d(b) = 8*b**2 - 12*b - 3. Let z(c) = 11*c**2 - 13*c - 3. Suppose 84*k - 188 = 37*k. Let x(l) = k*d(l) - 3*z(l). What is x(-7)?
11
Let c be ((-1)/5)/((-1)/2) - 14/35. Let d(g) be the second derivative of -1/12*g**4 + c - 25*g - 5/2*g**2 + 7/6*g**3. Determine d(4).
7
Suppose -2*z = -3*h - 48, -8*z + 9*z = 0. Let f(n) = -n - 18. Give f(h).
-2
Let f be 3/((3/(-18))/(4/9)). Let h(q) = -q**2 - 4*q - 4. Let d(o) = 3*o**2 + 11*o + 11. Let i(l) = f*h(l) - 3*d(l). Suppose -17*j = -13*j + 4. Give i(j).
-1
Let f(x) be the first derivative of -x**3/3 + 7*x**2/2 + 76*x + 5107. Give f(-8).
-44
Let i(j) = 2*j**2 + 28*j + 29. Let y(d) = -2*d**2 - 27*d - 26. Let m(o) = -3*i(o) - 2*y(o). What is m(-14)?
-7
Let a(q) = 15*q**3 + 2 + 4*q**2 + 3*q**2 + 4*q - 10*q**3 - 7*q**3. Let c be a(4). Suppose -1 - c = -x. Let v(l) = -l + 2. Determine v(x).
-1
Let x(l) = l**3 + 5*l**2 + 2*l + 1. Let k be x(0). Let s(o) = 19*o + 4*o + 1 - 9*o. What is s(k)?
15
Let y(r) = 2*r - 17. Let k = 154 + -153. Let s(t) = t**2 + t + 1. Let n(w) = k*s(w) - y(w). Calculate n(0).
18
Let a(r) = r**3 - 5*r**2 - 5*r + 16. Let h be (-20)/30 + 38/3 - 7. What is a(h)?
-9
Let f = 5592 - 5590. Let p(d) be the first derivative of -d**4/4 - d**3 + 3*d**2/2 - d + 2. Calculate p(f).
-15
Let d(j) = -j**3 + 6*j**2 - 4*j - 5. Let l = -208 - -208. Suppose 2*q + 4*b - 20 = l, 3*q - 5*b + 3 = -0. Determine d(q).
11
Let q(g) = 7*g**2 + 3*g + 0*g - 12*g + 8. Let w(b) = -3*b**2 + 5*b - 4. Let n(c) = 2*q(c) + 5*w(c). Let h be (-5)/11*6864/(-624). What is n(h)?
6
Suppose 2*i + 5 = -2*t + 1, -3*t + 15 = -4*i. Let m(x) be the second derivative of 57*x + 0*x**3 + 0 - 5/6*x**4 + 0*x**2. Determine m(t).
-10
Let b(l) = 50*l - 52. Let t be b(2). Let k = t + -54. Let g(c) = c**3 + 4*c**2 - 9*c - 7. What is g(k)?
-25
Let p(r) = -2*r + 46. Let g be p(10). Suppose 31*j = g*j + 5550. Let v(a) = -2 - a**3 - j*a - 2 + 1113*a. Give v(-3).
14
Let v = 42 + -44. Let h be -3 - (-84)/(-18)*3/v. Suppose -7*t + h = -8*t. Let n(i) = -i**2 - i. Calculate n(t).
-12
Let k(q) = -4*q - 2. Let p(w) = -2*w**2 - 28*w - 31. Let n(b) = 4*k(b) - p(b). Give n(-4).
7
Suppose 2*s = 18 - 14. Let t(b) = -12*b + 1 - 9*b + 18*b + b**s. Suppose -6*a + 3*a = 12, -2*c - 3*a = 0. Give t(c).
19
Suppose -5*j + 3*n = -709, -2*n = 4*j - 365 - 189. Suppose -10*y = -12*y + j. Let t = y + -72. Let q(a) = -4*a + 2. Determine q(t).
10
Suppose y - 2*n = 7, -2*y - 4*n - 13 + 59 = 0. Let t(c) = c + 9*c - y*c. What is t(-3)?
15
Let j(i) = -7*i**2 - 13*i - 5. Let w(s) = -6*s**2 - 12*s - 5. Let b(g) = -5*j(g) + 6*w(g). Suppose -5*y - 85 = 320. Let d = y + 76. What is b(d)?
5
Let u = -510 + 509. Let v(t) = 5. Let r(f) = 2*f - 1. Let q(w) = -3*w + 3. Let h(a) = -3*q(a) - 5*r(a). Let b(d) = 5*h(d) + 4*v(d). Determine b(u).
5
Let z be (-441)/(-5) + (-24)/120. Let i = z + -90. Let y(w) be the first derivative of w**3/3 - 2*w**2 - 3*w - 7. Calculate y(i).
9
Let l(r) = 52*r - 12. Let u be l(2). Let s = 94 - u. Let y(z) = 2*z + 1. Give y(s).
5
Let c(b) = 2*b + b**3 - 60 + 59 - 2*b**2 + 0*b**2. Let o be -20 - 12/(2 + 2). Let a = o + 24. What is c(a)?
0
Suppose 48 = 10*y + 6*y. Let t(s) = 0 - 44*s + y - s**2 + 47*s. What is t(6)?
-15
Suppose 2*r - 5*r = -4*s + 2, 2*r - 3*s = -2. Let k(y) be the third derivative of y**6/120 - y**5/20 + y**4/24 + y**3/3 + 215*y**2 - 2*y + 1. Determine k(r).
0
Let z = -25 + 24. Let v(n) = -9*n + 10*n - 2*n + 37*n**2 + 0*n + 0*n. Determine v(z).
38
Let a(g) = -38*g + 22*g + g**2 + 26 - 3*g**2 + 3*g**2. Let p be a(15). Let c(n) = -n**2 + 10*n - 6. Calculate c(p).
-17
Let f(g) be the second derivative of g**4/12 + 7*g**3/6 - 13*g**2 + 202*g + 20. Determine f(-5).
-36
Let h(j) = 6*j**3 + 6429*j - 5*j**2 - 6424*j - 5*j**3 - 17. Determine h(4).
-13
Let f(m) = -39*m**2 + 4*m + 3. Suppose -31*s - 18 - 13 = 0. Determine f(s).
-40
Let v be (5 - 2)*12/(-36)*1. Let h(y) = -3*y**3 - y**2 - 2*y. Determine h(v).
4
Suppose 2*t + 1 = 5*a, -3*t + 1 = a - 6. Let x(b) = -16 - b**2 + t*b**2 + 31 - 18. What is x(3)?
6
Let z = -18 + 12. Let f(n) = -n**3 - 3*n**2 + 18*n + 1. Let g be f(z). Suppose 0 = -v + g, -4*v = -c + 2*c - 2. Let m(h) = -2*h - 2. Calculate m(c).
2
Let n = -1041 - -1063. Let l(x) = -x**3 + 20*x**2 + 38*x + 137. What is l(n)?
5
Let p(t) be the first derivative of 1/2*t**2 + 7*t + 62. Give p(8).
15
Let x(h) = h**3 - 6*h**2 + 5*h - 7. Suppose -a = -7*a + 150. Suppose -20*q + a*q = -5. Let i be 0 - q - (-8)/2. Determine x(i).
-7
Let q be (-6)/(-5)*(-260)/(-78). Let m(f) = -2*f**2 + 60*f - 12. Let b(u) = -u**2 + 29*u - 7. Let s(x) = q*m(x) - 9*b(x). Calculate s(20).
-5
Let m(v) = v**3 - 4*v**2 - 13*v. Let k = -4094 + 4100. Calculate m(k).
-6
Let x(k) = -7*k**2 + 741*k + 2*k**3 + 10*k**2 - 734*k - 3*k**3. Determine x(5).
-15
Let f(u) = 2*u - 46. Suppose -4*q + 5*h + 72 = -2*q, -q = h - 50. Let r = -24 + q. What is f(r)?
-2
Let t(v) be the second derivative of -13*v**4/12 - 24*v**3 - 7*v**2 + 1871*v - 1. What is t(-11)?
-3
Let h(r) = r**2 + 25*r + 143. Let x be h(-16). Let i(s) = -s**2 + 7*s + 8. Let v be i(8). Let p(u) = v*u**2 + 4*u + 0*u - 2*u + u**2. Calculate p(x).
-1
Let m(v) = -51*v + 5. Let w = 15620 - 15617. What is m(w)?
-148
Let b(i) be the second derivative of -i**5/20 + 7*i**4/12 - 5*i**3/6 + 3*i**2 - 815*i. Let w be 2*(-8)/12*-9. Let v = w + -6. Calculate b(v).
12
Let u(r) = -7*r**2 + 21*r - 49. Let o(v) = 3*v**2 - 10*v + 22. Let m(j) = -5*o(j) - 2*u(j). Let f(x) = -x**3 + 5*x**2 + x + 4. Let q be f(5). Give m(q).
-21
Let r(w) = -w**3 + 38*w**2 - 352*w - 115. Let q be r(21). Let j(p) be the second derivative of p**3/6 - p**2/2 - p. Give j(q).
-11
Let r(n) = -92*n**2 - 27*n + 1. Let q(x) = 127*x**2 + 36*x - 1. Let u(j) = 8*q(j) + 11*r(j). Give u(4).
31
Let k(q) be the second derivative of q**3/2 + 31*q**2/2 + 2*q + 21. Calculate k(-11).
-2
Let a(b) = -b + 35. Let g be 3/3 + (-6 - -18). Let f be a(g). Suppose f = 7*i - 27. Let y(w) = w - 2. Determine y(i).
5
Let c(j) be the first derivative of -j**5/120 - j**4/8 + 2*j**3/3 + 2. Let v(a) be the third derivative of c(a). Let m be 1/(-6) - 4794/1692. Calculate v(m).
0
Let w(m) = 741*m + 5*m**2 - 2*m**2 + 15*m**3 - 27*m**3 - 736*m + 2 + 11*m**3. Let g(o) = 5*o**2 + 2*o + 1. Let q be g(-1). What is w(q)?
6
Suppose -5*o = 3*f - 23, o - 3*f + 2 = 3. Suppose -4 = 2*k - 6*k. Let n(h) = -8*h - 12*h + 23*h + k - 5*h**2 + h**3. What is n(o)?
-3
Let u(j) = -8*j + 